 by 199.
182
Calculate the remainder when 8829 is divided by 2202.
21
Calculate the remainder when 233 is divided by 85.
63
Calculate the remainder when 590 is divided by 85.
80
What is the remainder when 1417 is divided by 25?
17
Calculate the remainder when 571 is divided by 29.
20
What is the remainder when 21564 is divided by 237?
234
What is the remainder when 2507 is divided by 6?
5
Calculate the remainder when 772 is divided by 25.
22
Calculate the remainder when 87 is divided by 82.
5
What is the remainder when 4364 is divided by 28?
24
Calculate the remainder when 135 is divided by 23.
20
Calculate the remainder when 30821 is divided by 22.
21
Calculate the remainder when 1317 is divided by 102.
93
What is the remainder when 174 is divided by 72?
30
Calculate the remainder when 448 is divided by 148.
4
What is the remainder when 2745 is divided by 139?
104
Calculate the remainder when 224 is divided by 19.
15
Calculate the remainder when 201 is divided by 27.
12
Calculate the remainder when 101 is divided by 57.
44
What is the remainder when 1071 is divided by 96?
15
Calculate the remainder when 791 is divided by 83.
44
Calculate the remainder when 7060 is divided by 19.
11
Calculate the remainder when 213 is divided by 61.
30
What is the remainder when 212 is divided by 76?
60
Calculate the remainder when 653 is divided by 217.
2
What is the remainder when 130 is divided by 18?
4
What is the remainder when 251 is divided by 21?
20
Calculate the remainder when 27 is divided by 22.
5
Calculate the remainder when 986 is divided by 30.
26
What is the remainder when 200 is divided by 17?
13
Calculate the remainder when 1153 is divided by 55.
53
What is the remainder when 273 is divided by 55?
53
What is the remainder when 2534 is divided by 39?
38
Calculate the remainder when 321 is divided by 36.
33
What is the remainder when 36 is divided by 15?
6
Calculate the remainder when 81 is divided by 33.
15
Calculate the remainder when 3754 is divided by 179.
174
What is the remainder when 3678 is divided by 37?
15
Calculate the remainder when 172 is divided by 22.
18
What is the remainder when 490 is divided by 8?
2
What is the remainder when 311 is divided by 75?
11
What is the remainder when 128 is divided by 10?
8
What is the remainder when 145 is divided by 74?
71
Calculate the remainder when 83 is divided by 45.
38
Calculate the remainder when 3510 is divided by 50.
10
Calculate the remainder when 128 is divided by 26.
24
What is the remainder when 313 is divided by 62?
3
What is the remainder when 358 is divided by 18?
16
Calculate the remainder when 264 is divided by 54.
48
Calculate the remainder when 433 is divided by 39.
4
Calculate the remainder when 945 is divided by 4.
1
What is the remainder when 91 is divided by 36?
19
Calculate the remainder when 352 is divided by 18.
10
What is the remainder when 269 is divided by 56?
45
Calculate the remainder when 20714 is divided by 15.
14
Calculate the remainder when 872 is divided by 35.
32
What is the remainder when 457 is divided by 112?
9
Calculate the remainder when 103 is divided by 19.
8
Calculate the remainder when 194 is divided by 28.
26
What is the remainder when 2343 is divided by 2334?
9
What is the remainder when 62 is divided by 17?
11
Calculate the remainder when 641 is divided by 34.
29
What is the remainder when 1740 is divided by 26?
24
Calculate the remainder when 516 is divided by 173.
170
Calculate the remainder when 98 is divided by 50.
48
What is the remainder when 138 is divided by 37?
27
Calculate the remainder when 431 is divided by 134.
29
Calculate the remainder when 14052 is divided by 15.
12
What is the remainder when 76 is divided by 3?
1
What is the remainder when 10559 is divided by 44?
43
Calculate the remainder when 1338 is divided by 48.
42
What is the remainder when 1182 is divided by 148?
146
What is the remainder when 3499 is divided by 48?
43
What is the remainder when 26311 is divided by 286?
285
What is the remainder when 3415 is divided by 25?
15
What is the remainder when 151 is divided by 67?
17
What is the remainder when 1715 is divided by 282?
23
Calculate the remainder when 466 is divided by 118.
112
Calculate the remainder when 1041 is divided by 20.
1
Calculate the remainder when 377 is divided by 130.
117
Calculate the remainder when 893 is divided by 268.
89
Calculate the remainder when 419 is divided by 21.
20
Calculate the remainder when 3479 is divided by 16.
7
Calculate the remainder when 838 is divided by 14.
12
What is the remainder when 382 is divided by 77?
74
What is the remainder when 1280 is divided by 411?
47
What is the remainder when 128 is divided by 33?
29
Calculate the remainder when 296 is divided by 27.
26
What is the remainder when 475 is divided by 44?
35
Calculate the remainder when 32 is divided by 9.
5
Calculate the remainder when 2049 is divided by 507.
21
Calculate the remainder when 4 is divided by 3.
1
What is the remainder when 170 is divided by 67?
36
Calculate the remainder when 2757 is divided by 31.
29
What is the remainder when 736 is divided by 503?
233
Calculate the remainder when 4926 is divided by 448.
446
What is the remainder when 767 is divided by 10?
7
Calculate the remainder when 182 is divided by 57.
11
Calculate the remainder when 79 is divided by 21.
16
What is the remainder when 270 is divided by 119?
32
Calculate the remainder when 68 is divided by 24.
20
What is the remainder when 149 is divided by 139?
10
What is the remainder when 51 is divided by 39?
12
Calculate the remainder when 656 is divided by 324.
8
What is the remainder when 62 is divided by 22?
18
What is the remainder when 2276 is divided by 1136?
4
What is the remainder when 80 is divided by 77?
3
What is the remainder when 370 is divided by 53?
52
What is the remainder when 497 is divided by 20?
17
What is the remainder when 880 is divided by 18?
16
What is the remainder when 397 is divided by 51?
40
Calculate the remainder when 4558 is divided by 5.
3
What is the remainder when 713 is divided by 122?
103
Calculate the remainder when 5030 is divided by 9.
8
What is the remainder when 7828 is divided by 54?
52
Calculate the remainder when 1121 is divided by 25.
21
What is the remainder when 3158 is divided by 314?
18
Calculate the remainder when 139 is divided by 112.
27
Calculate the remainder when 252 is divided by 86.
80
Calculate the remainder when 253 is divided by 32.
29
What is the remainder when 2114 is divided by 46?
44
What is the remainder when 97 is divided by 37?
23
What is the remainder when 179 is divided by 23?
18
Calculate the remainder when 642 is divided by 60.
42
Calculate the remainder when 64 is divided by 45.
19
Calculate the remainder when 242 is divided by 126.
116
What is the remainder when 182 is divided by 54?
20
Calculate the remainder when 66 is divided by 17.
15
What is the remainder when 136 is divided by 46?
44
Calculate the remainder when 34 is divided by 20.
14
What is the remainder when 495 is divided by 134?
93
Calculate the remainder when 281 is divided by 84.
29
What is the remainder when 1559 is divided by 13?
12
What is the remainder when 4282 is divided by 14?
12
What is the remainder when 524 is divided by 44?
40
What is the remainder when 4158 is divided by 80?
78
Calculate the remainder when 232 is divided by 108.
16
Calculate the remainder when 1009 is divided by 72.
1
Calculate the remainder when 143 is divided by 72.
71
What is the remainder when 159 is divided by 30?
9
What is the remainder when 40 is divided by 37?
3
What is the remainder when 118 is divided by 32?
22
Calculate the remainder when 474 is divided by 22.
12
Calculate the remainder when 222 is divided by 47.
34
Calculate the remainder when 3252 is divided by 105.
102
Calculate the remainder when 155 is divided by 97.
58
What is the remainder when 455 is divided by 151?
2
What is the remainder when 40 is divided by 21?
19
Calculate the remainder when 543 is divided by 75.
18
Calculate the remainder when 807 is divided by 2.
1
What is the remainder when 98 is divided by 4?
2
Calculate the remainder when 481 is divided by 160.
1
What is the remainder when 3722 is divided by 23?
19
What is the remainder when 1616